3*c + 2*c = -22. Suppose 0 = -14*t + i*t + g. List the prime factors of t.
2, 3
Let n be 70/7 + -7 - 388. Let g = n + 462. List the prime factors of g.
7, 11
Let f = 1 - -2. Let m(r) = r**3 + 39*r**2 + 38*r + 3. Let y be m(-38). Suppose -5*n + 571 = -2*k, -f*n + 313 = -y*k - 35. List the prime factors of n.
113
Suppose -2*b = -f - 23752, -2*b + 3*f - 7*f = -23752. List the prime factors of b.
2, 2969
Suppose 0 = -d + 2*k + 109, -3*d - 3*k + 300 + 45 = 0. Let l = 113 - d. List the prime factors of (l - -1)/(2/592*4).
2, 37
Let t(i) = 4*i**2 + 6*i - 9. Let h be t(7). Suppose -5*w + a + 497 = -67, -2*w - 3*a = -h. Let c = -76 + w. What are the prime factors of c?
37
Let p be (5/(-3))/(1/(-3)). Let v(u) = 6 + 11*u - p*u - 34 - 13 + u**2. What are the prime factors of v(-17)?
2, 73
Let i(w) = -6*w - 8. Let y be i(-4). Let u(r) = -6 - y + 4*r**2 + 16 - 14*r. What are the prime factors of u(4)?
2
Let x(i) = -i**3 + 4*i**2 - 3*i + 4. Let r be x(3). Suppose -y = -5*c + 360, -3*c + r*y + 130 = -86. Let s = c - 56. List the prime factors of s.
2
Let j = 323 - 345. Suppose -5*h = -12 - 8, -o + 2*h + 56 = 0. Let t = j + o. List the prime factors of t.
2, 3, 7
Let j(i) = 2*i - 4. Let y be j(3). Suppose y*f = 3*q + f - 49, 4*q + 4*f = 60. Suppose q*g - 42 = 15*g. What are the prime factors of g?
2, 3, 7
Let c(t) be the third derivative of t**5/3 - 7*t**4/8 + 43*t**3/3 + 2*t**2 + 64. List the prime factors of c(7).
919
Suppose 4*x + 25 + 7 = 0. Let y(c) = 32*c + 7. Let i be y(x). Let v = i + 405. What are the prime factors of v?
2, 3, 13
Let q = -31 - -32. Suppose 2*a - 4*y = 16, 2*y - q = -7. Suppose -102 = a*w - 246. What are the prime factors of w?
2, 3
Let i(w) be the third derivative of -w**5/60 - 5*w**4/4 + 9*w**3/2 - 17*w**2. Let y be i(-19). Let q = y + -100. What are the prime factors of q?
2, 17
Let g(o) = o**2 - 4*o - 5. Suppose -9*d - 15 = -12*d. Let q be g(d). Suppose c + 4 - 44 = q. List the prime factors of c.
2, 5
Suppose 8*v = -3*v - 0*v. Suppose -p + 288 + 109 = v. List the prime factors of p.
397
Let v be -4*74/16*-6. What are the prime factors of 14/(-5)*(-14 - v)?
2, 5, 7
Let o be 3/(4 + 2)*6. Suppose -o*d = 3*s - 3195, 5*s - 2*d + 1534 = 6887. What are the prime factors of s?
1069
Suppose 18*a = 42*a - 10*a - 376712. List the prime factors of a.
2, 7, 31
Suppose -5*p - 2*g - 1115 = 939, -821 = 2*p + g. Let a = p - -273. Let k = -88 - a. What are the prime factors of k?
3, 17
What are the prime factors of (-129)/344 + (-29222)/(-16) - -7?
3, 13, 47
Let z = 73 + -67. Suppose -5*v + 88 = -c, v - 2 = -z*c + c. Let t = 144 - v. List the prime factors of t.
127
Let i(r) = 3*r - 20*r + 33 + 61*r. What are the prime factors of i(4)?
11, 19
Let y = 142 + -123. Suppose 3*z = 13 - y. Let a = 235 + z. List the prime factors of a.
233
Let j be -3 - 0 - (9 - 14). Suppose -2 = 3*s - j*s, -4*y + 4*s = 236. Let d = 64 + y. What are the prime factors of d?
3
Let h(a) = -4*a + 69. Let l be h(12). Suppose -5*g - 23*f = -l*f - 2134, -3*f = 9. List the prime factors of g.
2, 107
Let d = 384 + -383. Let v(m) = 941*m + 13. List the prime factors of v(d).
2, 3, 53
Let t(q) be the first derivative of q**4/4 + q**3/3 + q**2/2 + 92*q - 252. Suppose 0 = 2*y + 2*y. What are the prime factors of t(y)?
2, 23
Suppose -48 = 3*z - 96. Suppose x - 5899 = -z*x. What are the prime factors of x?
347
Let p = 384 + -535. Let z = 1277 + p. List the prime factors of z.
2, 563
Let o = -4657 + 2020. What are the prime factors of o*5/75*-5?
3, 293
Let g(p) = -p**3 + 5*p**2 - 3*p + 15. Let v be g(5). Suppose -3*f = -4*k - 2019, 2*k + v*k + 2025 = 3*f. List the prime factors of f.
677
Suppose 0*w - w = 3*j + 5, -3*w - 3*j = 33. Let r = w + 19. Suppose r = -o + 3*l + 21, 4*l - 48 = -4*o. List the prime factors of o.
13
Let i(p) = -p**2 - 2*p - 25. Let n be i(0). Let o = 23 + n. What are the prime factors of (o/(-2))/(314/156 + -2)?
2, 3, 13
Let g be -6*((-50)/(-15) + -5). Suppose 42*i - g*i = 8480. What are the prime factors of i?
5, 53
Let r be 91/26*96/21. Suppose -r*z + 8198 = -778. List the prime factors of z.
3, 11, 17
Let t(n) = 1363*n + 1237. List the prime factors of t(37).
2, 12917
Suppose z - 2*t - 121946 = -4*z, -6 = 2*t. What are the prime factors of (((-126)/(-4))/3)/(201/z)?
2, 7, 13
Suppose 6*n - 7 - 41 = 0. Suppose a + 5*h = h - 3, 0 = 4*h + n. Suppose -4*d + 4*j + 172 = 0, a*j = -0*j - 15. What are the prime factors of d?
2, 5
Let p(x) = x**3 - 3*x**2 - 10*x + 5. Suppose 3*a - 3*y - 6 = 0, -1 = -3*y + 8. Let t be p(a). What are the prime factors of ((-5)/4)/(t/(-200))?
2, 5
Let y = 20 - 6. Suppose 2*i - 3 - 5 = -2*c, -y = -5*i + c. What are the prime factors of ((-148)/6)/((-2)/i)?
37
Let k = -13605 - -19747. List the prime factors of k.
2, 37, 83
Let z(n) = n**2 - 2*n - 4. Let p be 40/(-22) - ((-48)/(-22) + -2). Let u be z(p). Suppose -l + 88 = 3*g, -u*l + 103 = 3*g - 222. List the prime factors of l.
79
Let p be (-201)/(-12) - ((-198)/(-24))/11. What are the prime factors of p/2*1808/32?
2, 113
Let a = 70185 - 43895. What are the prime factors of a?
2, 5, 11, 239
Let l = 73 + -71. Suppose -l*w - 3*y + 14 = 2, -y + 4 = 4*w. Suppose t - 9*t + 72 = w. List the prime factors of t.
3
Let z(a) = 3*a + 19. Let c(b) = -b. Let o be c(5). Let f be z(o). Suppose f*g = -234 + 706. List the prime factors of g.
2, 59
Let z(q) = -8*q**2 - 5*q + 83. Let c(m) = -2*m - 1. Let y(h) = -4*c(h) - z(h). What are the prime factors of y(8)?
3, 179
Let s(n) be the third derivative of 7*n**4/4 - 26*n**3/3 - 94*n**2. What are the prime factors of s(12)?
2, 113
Let i(f) be the second derivative of f**4/3 - 5*f**3/3 + 7*f**2/2 - f - 58. List the prime factors of i(-8).
7
Let y(w) = -195*w + 17. Let g be y(-7). Suppose -4*z - 5*j + 2137 - 301 = 0, 3*z = -5*j + g. What are the prime factors of z?
2, 227
Let q = 2136 - 1158. List the prime factors of q.
2, 3, 163
Let j(o) = 2. Let m(a) be the first derivative of a**2/2 - a + 16. Let k(z) = 4*j(z) - m(z). What are the prime factors of k(3)?
2, 3
Suppose -q + 5*u = -3958, 5*q + 40*u = 36*u + 19877. What are the prime factors of q?
29, 137
Let a = 10200 + 3098. What are the prime factors of a?
2, 61, 109
Suppose 3 = 5*d + 13, 0 = 4*w + 3*d - 182. Suppose w*s - 18865 - 14176 = 0. What are the prime factors of s?
19, 37
Let w(a) = 4*a**2 + 36*a - 2. Let t be w(-9). List the prime factors of 343/(t/(-10)*5).
7
Suppose -4*w + 4236 + 10080 = 4*p, -p + 4*w = -3589. What are the prime factors of p?
3581
Let r(t) = 18 + 4615*t + 5 - 4631*t. Suppose -3*h = 0, 3*q - h = 4*h - 9. List the prime factors of r(q).
71
Let j = -1589 - -2117. What are the prime factors of j?
2, 3, 11
Let s be (-27 - -34)*4/2. Suppose 3*t + y - 771 = 0, 11 = -y + s. What are the prime factors of t?
2
Let v(b) be the second derivative of -b**5/20 - 3*b**4/4 - 5*b**3/3 - 5*b**2/2 + 115*b + 5. Let c be (-20)/3*(-6)/(-4). List the prime factors of v(c).
3, 5, 13
Let s be 2 - (-2 + 5) - -575. Suppose -358 = -4*w + s. Let i = w + -70. What are the prime factors of i?
163
What are the prime factors of (17*30/170)/(3/53652)?
2, 3, 17, 263
Let d(i) = -2*i + 22. Let p be d(5). Suppose -14*f + p*f + 668 = 0. What are the prime factors of f?
2, 167
Suppose 427*t - 423*t - 20128 = -g, -2*g + 5*t + 40360 = 0. List the prime factors of g.
2, 3, 5, 7
Suppose 5*n = 3*q + 20, -13*q + 11*q + n - 4 = 0. Suppose q = -25*i + 31*i - 4416. What are the prime factors of i?
2, 23
Let i(k) = 3*k**2 - 2*k - 706. What are the prime factors of i(-43)?
13, 379
Let v = -51 + 66. List the prime factors of 954/10 + 9/v.
2, 3
Let w(b) = 3*b**3 - 144*b**2 - 108*b - 162. What are the prime factors of w(51)?
3, 73
Let n(y) = 207*y + 27726. List the prime factors of n(0).
2, 3, 4621
Suppose 47*q - 146205 = 124985. What are the prime factors of q?
2, 5, 577
Let t(h) = 244*h**2 + 65*h + 47. List the prime factors of t(6).
9221
Let r be ((-316)/5)/(-5 - (-365)/75). Let m = 31 + r. Suppose 0 = -0*s - 4*s + 3*a + m, 2*s - a - 253 = 0. What are the prime factors of s?
127
Suppose 4*i = -2*f + 2, 3*f = -5*i + 4*f + 20. Suppose m - 1165 = -i*x, -5*m - 415 = -9*x + 8*x. What are the prime factors of x?
2, 3, 5, 13
What are the prime factors of -1 + (-7 - -13) + 159?
2, 41
Suppose 0 = -5*o + 458 + 292. Let g = -321 + o. Let f = -